{"id":6,"date":"2020-03-19T10:55:15","date_gmt":"2020-03-19T09:55:15","guid":{"rendered":"http:\/\/ent.ipem.fr\/?page_id=6"},"modified":"2020-03-19T11:08:04","modified_gmt":"2020-03-19T10:08:04","slug":"accueil","status":"publish","type":"page","link":"https:\/\/ent.ipem.fr\/","title":{"rendered":"accueil"},"content":{"rendered":"<p>Bienvenue sur la plateforme ENT de Ipem.<\/p>\n<p>Vos identifiants sont strictement personnel et r\u00e9serv\u00e9 aux \u00e9tudiants inscrit \u00e0 ipem.<\/p>\n","protected":false},"excerpt":{"rendered":"<p>Bienvenue sur la plateforme ENT de Ipem. Vos identifiants sont strictement personnel et r\u00e9serv\u00e9 aux \u00e9tudiants inscrit \u00e0 ipem.<\/p>\n","protected":false},"author":1,"featured_media":0,"parent":0,"menu_order":0,"comment_status":"open","ping_status":"open","template":"","meta":{"footnotes":""},"class_list":["post-6","page","type-page","status-publish","hentry"],"_links":{"self":[{"href":"https:\/\/ent.ipem.fr\/index.php?rest_route=\/wp\/v2\/pages\/6","targetHints":{"allow":["GET"]}}],"collection":[{"href":"https:\/\/ent.ipem.fr\/index.php?rest_route=\/wp\/v2\/pages"}],"about":[{"href":"https:\/\/ent.ipem.fr\/index.php?rest_route=\/wp\/v2\/types\/page"}],"author":[{"embeddable":true,"href":"https:\/\/ent.ipem.fr\/index.php?rest_route=\/wp\/v2\/users\/1"}],"replies":[{"embeddable":true,"href":"https:\/\/ent.ipem.fr\/index.php?rest_route=%2Fwp%2Fv2%2Fcomments&post=6"}],"version-history":[{"count":3,"href":"https:\/\/ent.ipem.fr\/index.php?rest_route=\/wp\/v2\/pages\/6\/revisions"}],"predecessor-version":[{"id":9,"href":"https:\/\/ent.ipem.fr\/index.php?rest_route=\/wp\/v2\/pages\/6\/revisions\/9"}],"wp:attachment":[{"href":"https:\/\/ent.ipem.fr\/index.php?rest_route=%2Fwp%2Fv2%2Fmedia&parent=6"}],"curies":[{"name":"wp","href":"https:\/\/api.w.org\/{rel}","templated":true}]}}